ommon factor of 3 and 52293.
3
What is the greatest common factor of 8 and 22972?
4
Calculate the greatest common divisor of 1807 and 45097.
13
What is the greatest common divisor of 17664 and 240?
48
What is the greatest common divisor of 4216619 and 781?
781
Calculate the greatest common divisor of 208 and 15782.
26
Calculate the greatest common factor of 84 and 3388.
28
Calculate the greatest common factor of 102 and 579666.
102
What is the greatest common factor of 2331 and 5291?
37
Calculate the greatest common factor of 6272 and 504.
56
Calculate the greatest common divisor of 9804 and 30.
6
What is the greatest common divisor of 57432 and 168?
24
What is the greatest common divisor of 11 and 1789799?
11
Calculate the greatest common divisor of 4151 and 7.
7
Calculate the greatest common factor of 115 and 25783.
23
Calculate the greatest common factor of 1508 and 351.
13
What is the greatest common factor of 10590 and 1840?
10
What is the highest common divisor of 1216 and 85576?
152
Calculate the highest common divisor of 23 and 4370.
23
What is the greatest common factor of 160 and 33632?
32
What is the greatest common factor of 2040 and 58344?
408
Calculate the highest common factor of 850284 and 108.
108
Calculate the highest common factor of 135651 and 9.
3
Calculate the highest common factor of 22139 and 598.
13
What is the highest common divisor of 22 and 199617?
11
What is the highest common factor of 144 and 311520?
48
What is the greatest common divisor of 13716 and 11124?
108
What is the greatest common divisor of 30 and 119590?
10
Calculate the greatest common factor of 84 and 72394.
14
What is the greatest common divisor of 6760 and 203138?
338
What is the greatest common divisor of 370 and 6065?
5
What is the greatest common factor of 26214 and 408?
102
What is the highest common divisor of 2479895 and 99?
11
Calculate the highest common factor of 9486 and 5202.
306
What is the greatest common divisor of 1605 and 3945?
15
Calculate the highest common factor of 1052236 and 58.
58
Calculate the highest common divisor of 106 and 7427791.
53
What is the highest common divisor of 1336024 and 13409?
1219
Calculate the highest common factor of 49322 and 28.
14
Calculate the highest common divisor of 2109 and 6156.
57
What is the highest common factor of 21399 and 84?
21
What is the greatest common divisor of 56782 and 15842?
178
Calculate the greatest common factor of 194865 and 165.
165
Calculate the greatest common factor of 1830 and 1820.
10
What is the greatest common factor of 1820 and 1136044?
364
Calculate the greatest common divisor of 1536640 and 112.
112
Calculate the highest common divisor of 1826 and 11786.
166
What is the greatest common factor of 2471 and 103429?
353
What is the highest common factor of 12733 and 184682?
107
What is the greatest common divisor of 166728 and 24?
24
What is the greatest common divisor of 29043 and 399?
21
Calculate the greatest common factor of 57232 and 434.
14
What is the highest common divisor of 209 and 187319?
11
Calculate the highest common divisor of 328141 and 506.
253
Calculate the highest common divisor of 282 and 3662.
2
What is the greatest common factor of 56775 and 17175?
75
What is the greatest common factor of 2529 and 549?
9
What is the greatest common factor of 986 and 2006?
34
Calculate the greatest common factor of 5070 and 10686.
78
What is the highest common factor of 580 and 18560?
580
Calculate the greatest common factor of 16744 and 832.
104
What is the highest common factor of 3 and 62687?
1
Calculate the highest common factor of 82002 and 79.
79
Calculate the greatest common factor of 13820 and 860.
20
Calculate the greatest common factor of 20940 and 9420.
60
What is the greatest common factor of 1125 and 982350?
225
What is the highest common divisor of 17 and 46597?
17
What is the greatest common factor of 120328 and 623?
89
Calculate the highest common factor of 1185 and 18465.
15
What is the highest common factor of 9991 and 291?
97
Calculate the highest common divisor of 1205 and 1035577.
241
What is the greatest common divisor of 4128311 and 2854?
1427
Calculate the highest common factor of 29068 and 1391.
13
What is the highest common factor of 592 and 62086?
74
Calculate the greatest common factor of 2428 and 3792.
4
What is the greatest common factor of 1370512 and 1716?
572
What is the greatest common factor of 540 and 23895?
135
What is the highest common divisor of 36 and 479079?
9
What is the highest common divisor of 7350 and 12675?
75
What is the highest common divisor of 23954 and 354?
118
What is the highest common divisor of 2210 and 464542?
442
Calculate the highest common divisor of 86 and 181589.
43
Calculate the greatest common factor of 121 and 2251447.
121
What is the greatest common divisor of 13867 and 2450?
49
Calculate the highest common factor of 61 and 13139339.
61
Calculate the highest common factor of 2744 and 7672.
56
What is the greatest common divisor of 12337 and 1352?
169
What is the highest common divisor of 135 and 6655?
5
What is the greatest common factor of 190 and 335?
5
What is the greatest common divisor of 15 and 16285?
5
What is the highest common factor of 1111 and 3641?
11
Calculate the highest common divisor of 2057 and 34.
17
What is the greatest common divisor of 17358 and 44?
22
What is the greatest common factor of 120484 and 9737?
91
Calculate the highest common factor of 114990 and 60.
30
What is the highest common factor of 6358 and 114818?
374
Calculate the greatest common factor of 13949 and 1131.
377
Calculate the greatest common divisor of 285 and 3021.
57
Calculate the highest common factor of 496 and 1643.
31
Calculate the greatest common factor of 5094 and 762.
6
Calculate the highest common factor of 570 and 233985.
285
Calculate the highest common divisor of 39304 and 272.
136
What is the highest common factor of 127360 and 800?
160
What is the greatest common divisor of 1216 and 155173?
19
Calculate the greatest common factor of 368 and 2714.
46
Calculate the highest common divisor of 759 and 190003.
253
Calculate the highest common divisor of 930 and 241490.
310
What is the greatest common divisor of 843269 and 10768?
673
Calculate the highest common factor of 7857128 and 408.
136
Calculate the greatest common divisor of 2979433 and 887.
887
Calculate the greatest common divisor of 840 and 36183.
21
Calculate the highest common factor of 1799 and 154.
7
What is the greatest common factor of 8393 and 872?
109
What is the greatest common factor of 58112 and 56?
8
What is the greatest common factor of 124635 and 105?
105
Calculate the greatest common factor of 151 and 225443.
151
What is the highest common divisor of 180 and 6980?
20
Calculate the greatest common factor of 33022 and 396.
22
What is the greatest common divisor of 2924 and 60?
4
What is the greatest common divisor of 264 and 32164?
44
Calculate the greatest common divisor of 27420 and 2220.
60
Calculate the highest common divisor of 385 and 44695.
35
Calculate the highest common factor of 1932 and 168.
84
Calculate the greatest common divisor of 53915 and 410.
205
Calculate the highest common divisor of 7997 and 33.
11
What is the highest common divisor of 2946 and 7194?
6
What is the highest common factor of 26 and 1047319?
13
What is the greatest common factor of 3839 and 55?
11
Calculate the greatest common factor of 4641 and 624.
39
What is the greatest common factor of 8294 and 150046?
754
What is the highest common factor of 26244 and 1296?
324
What is the highest common factor of 1723 and 64?
1
What is the greatest common factor of 8625 and 1587?
69
Calculate the highest common divisor of 938 and 1527533.
469
What is the greatest common divisor of 561 and 24387?
33
What is the greatest common divisor of 180045 and 18?
9
What is the highest common divisor of 184203 and 776?
97
Calculate the highest common divisor of 997 and 159.
1
Calculate the highest common divisor of 1294854 and 11.
11
Calculate the highest common divisor of 35856 and 9099.
27
Calculate the greatest common factor of 23069 and 85.
17
What is the highest common factor of 87814 and 4482?
166
Calculate the greatest common divisor of 925 and 10475.
25
Wh